{"id":1265,"date":"2022-01-31T19:54:05","date_gmt":"2022-01-31T22:54:05","guid":{"rendered":"https:\/\/corecon-se.org.br\/transparencia\/?page_id=1265"},"modified":"2023-02-23T21:57:09","modified_gmt":"2023-02-24T00:57:09","slug":"atas-2022","status":"publish","type":"page","link":"https:\/\/corecon-se.org.br\/transparencia\/atas\/atas-2022\/","title":{"rendered":"Atas 2022"},"content":{"rendered":"<p><a href=\"https:\/\/corecon-se.org.br\/transparencia\/wp-content\/uploads\/2022\/02\/Termo-de-Posse-Terco-Conselheiros-04012022.pdf\">Ata de Posse 1\u00ba Ter\u00e7o Conselheiros &#8211; 04.01.2022<\/a><\/p>\n<p><a href=\"https:\/\/corecon-se.org.br\/transparencia\/wp-content\/uploads\/2022\/02\/Termo-de-Eleicao-Diretoria-04012022.pdf\">Ata de Elei\u00e7\u00e3o e Posse Diretoria &#8211; 04.01.2022<\/a><\/p>\n<p><a href=\"https:\/\/corecon-se.org.br\/transparencia\/wp-content\/uploads\/2022\/02\/Ata-1a-Sessao-Extraordinaria-04012022.pdf\">Ata 1\u00aa Sess\u00e3o Extraordin\u00e1ria &#8211; 04.01.2022<\/a><\/p>\n<p><a href=\"https:\/\/corecon-se.org.br\/transparencia\/wp-content\/uploads\/2022\/03\/Ata-1a-Sessao-Ordinaria-26012021.pdf\">Ata 1\u00aa Sess\u00e3o Ordin\u00e1ria &#8211; 26.01.2022<\/a><\/p>\n<p><a href=\"https:\/\/corecon-se.org.br\/transparencia\/wp-content\/uploads\/2022\/03\/Ata-2a-Sessao-Ordinaria-02032022-Corrigida.pdf\">Ata 2\u00aa Sess\u00e3o Ordin\u00e1ria &#8211; 02.03.2022<\/a><\/p>\n<p><a href=\"https:\/\/corecon-se.org.br\/transparencia\/wp-content\/uploads\/2022\/05\/Ata-3a-Sessao-Ordinaria-30032022-Corrigida.pdf\">Ata 3\u00aa Sess\u00e3o Ordin\u00e1ria &#8211; 30.03.2022<\/a><\/p>\n<p><a href=\"https:\/\/corecon-se.org.br\/transparencia\/wp-content\/uploads\/2022\/06\/Ata-4a-Sessao-Ordinaria-09052022.pdf\">Ata 4\u00aa Sess\u00e3o Ordin\u00e1ria &#8211; 09.05.2022<\/a><\/p>\n<p><a href=\"https:\/\/corecon-se.org.br\/transparencia\/wp-content\/uploads\/2022\/07\/Ata-5a-Sessao-Ordinaria-31052022.pdf\">Ata 5\u00aa Sess\u00e3o Ordin\u00e1ria &#8211; 31.05.2022<\/a><\/p>\n<p><a href=\"https:\/\/corecon-se.org.br\/transparencia\/wp-content\/uploads\/2022\/08\/Ata-6a-Sessao-Ordinaria-06072022.pdf\">Ata 6\u00aa Sess\u00e3o Ordin\u00e1ria &#8211; 06.07.2022<\/a><\/p>\n<p><a href=\"https:\/\/corecon-se.org.br\/transparencia\/wp-content\/uploads\/2022\/09\/Ata-7a-Sessao-Ordinaria-03082022.pdf\">Ata 7\u00aa Sess\u00e3o Ordin\u00e1ria &#8211; 03.08.2022<\/a><\/p>\n<p><a href=\"https:\/\/corecon-se.org.br\/transparencia\/wp-content\/uploads\/2022\/10\/Ata-8a-Sessao-Ordinaria-05092022.pdf\">Ata 8\u00aa Sess\u00e3o Ordin\u00e1ria &#8211; 05.09.2022<\/a><\/p>\n<p><a href=\"https:\/\/corecon-se.org.br\/transparencia\/wp-content\/uploads\/2022\/11\/Ata-9a-Sessao-Ordinaria-28092022.pdf\">Ata 9\u00aa Sess\u00e3o Ordin\u00e1ria &#8211; 28.09.2022<\/a><\/p>\n<p><a href=\"https:\/\/corecon-se.org.br\/transparencia\/wp-content\/uploads\/2022\/12\/Ata-10a-Sessao-Ordinaria-09112022.pdf\">Ata 10\u00aa Sess\u00e3o Ordin\u00e1ria &#8211; 09.11.2022<\/a><\/p>\n<p><a href=\"https:\/\/corecon-se.org.br\/transparencia\/wp-content\/uploads\/2022\/12\/Ata-11a-Sessao-Ordinaria-07122022.pdf\">Ata 11\u00aa Sess\u00e3o Ordin\u00e1ria &#8211; 07.12.2022<\/a><\/p>\n<p><a href=\"https:\/\/corecon-se.org.br\/transparencia\/wp-content\/uploads\/2023\/02\/Ata-12a-Sessao-Ordinaria-21122022.pdf\">Ata 12\u00aa Sess\u00e3o Ordin\u00e1ria &#8211; 21.12.2022<\/a><\/p>\n","protected":false},"excerpt":{"rendered":"<p>Ata de Posse 1\u00ba Ter\u00e7o Conselheiros &#8211; 04.01.2022 Ata de Elei\u00e7\u00e3o e Posse Diretoria &#8211; 04.01.2022 Ata 1\u00aa Sess\u00e3o Extraordin\u00e1ria &#8211; 04.01.2022 Ata 1\u00aa Sess\u00e3o Ordin\u00e1ria &#8211; 26.01.2022 Ata 2\u00aa Sess\u00e3o Ordin\u00e1ria &#8211; 02.03.2022 Ata 3\u00aa Sess\u00e3o Ordin\u00e1ria &#8211; 30.03.2022 Ata 4\u00aa Sess\u00e3o Ordin\u00e1ria &#8211; 09.05.2022 Ata 5\u00aa Sess\u00e3o Ordin\u00e1ria &#8211; 31.05.2022 Ata 6\u00aa Sess\u00e3o &hellip; <a href=\"https:\/\/corecon-se.org.br\/transparencia\/atas\/atas-2022\/\" class=\"more-link\">Continue reading <span class=\"screen-reader-text\">Atas 2022<\/span><\/a><\/p>\n","protected":false},"author":2,"featured_media":0,"parent":32,"menu_order":0,"comment_status":"closed","ping_status":"closed","template":"","meta":{"footnotes":""},"class_list":["post-1265","page","type-page","status-publish","hentry"],"_links":{"self":[{"href":"https:\/\/corecon-se.org.br\/transparencia\/wp-json\/wp\/v2\/pages\/1265","targetHints":{"allow":["GET"]}}],"collection":[{"href":"https:\/\/corecon-se.org.br\/transparencia\/wp-json\/wp\/v2\/pages"}],"about":[{"href":"https:\/\/corecon-se.org.br\/transparencia\/wp-json\/wp\/v2\/types\/page"}],"author":[{"embeddable":true,"href":"https:\/\/corecon-se.org.br\/transparencia\/wp-json\/wp\/v2\/users\/2"}],"replies":[{"embeddable":true,"href":"https:\/\/corecon-se.org.br\/transparencia\/wp-json\/wp\/v2\/comments?post=1265"}],"version-history":[{"count":17,"href":"https:\/\/corecon-se.org.br\/transparencia\/wp-json\/wp\/v2\/pages\/1265\/revisions"}],"predecessor-version":[{"id":2014,"href":"https:\/\/corecon-se.org.br\/transparencia\/wp-json\/wp\/v2\/pages\/1265\/revisions\/2014"}],"up":[{"embeddable":true,"href":"https:\/\/corecon-se.org.br\/transparencia\/wp-json\/wp\/v2\/pages\/32"}],"wp:attachment":[{"href":"https:\/\/corecon-se.org.br\/transparencia\/wp-json\/wp\/v2\/media?parent=1265"}],"curies":[{"name":"wp","href":"https:\/\/api.w.org\/{rel}","templated":true}]}}