{"id":2063,"date":"2023-02-25T12:33:50","date_gmt":"2023-02-25T15:33:50","guid":{"rendered":"https:\/\/corecon-se.org.br\/transparencia\/?page_id=2063"},"modified":"2025-04-05T16:34:01","modified_gmt":"2025-04-05T19:34:01","slug":"parecer-controle-interno","status":"publish","type":"page","link":"https:\/\/corecon-se.org.br\/transparencia\/parecer-controle-interno\/","title":{"rendered":"Parecer do Controle Interno"},"content":{"rendered":"<p><a href=\"\/transparencia\/wp-content\/uploads\/2025\/04\/SEI_0056681_Parecer.pdf\" target=\"_blank\" rel=\"noopener\">Parecer n\u00ba 001\/2025 &#8211; Aprova\u00e7\u00e3o da Presta\u00e7\u00e3o de Contas de 2024<\/a><\/p>\n<p><a href=\"https:\/\/corecon-se.org.br\/transparencia\/wp-content\/uploads\/2024\/03\/Parecer-da-CTC-001-2024-Prestacao-de-Contas-2023.pdf\">Parecer n\u00ba 001\/2024 &#8211; Aprova\u00e7\u00e3o da Presta\u00e7\u00e3o de Contas de 2023<\/a><\/p>\n<p><a href=\"https:\/\/corecon-se.org.br\/transparencia\/wp-content\/uploads\/2023\/05\/Parecer-da-CTC-001-2023-Prestacao-de-Contas-2022.pdf\">Parecer n\u00ba 001\/2023 &#8211; Aprova\u00e7\u00e3o da Presta\u00e7\u00e3o de Contas de 2022<\/a><\/p>\n<p><a href=\"https:\/\/corecon-se.org.br\/transparencia\/wp-content\/uploads\/2023\/05\/Parecer-da-CTC-Prestacao-de-Contas-2021.pdf\">Parecer n\u00ba 001\/2022 &#8211; Aprova\u00e7\u00e3o da Presta\u00e7\u00e3o de Contas de 2021<\/a><\/p>\n<p><a href=\"https:\/\/corecon-se.org.br\/transparencia\/wp-content\/uploads\/2023\/05\/Parecer-da-CTC-Prestacao-de-Contas-2020.pdf\">Parecer n\u00ba 001\/2021 &#8211; Aprova\u00e7\u00e3o da Presta\u00e7\u00e3o de Contas de 2020<\/a><\/p>\n<p><a href=\"https:\/\/corecon-se.org.br\/transparencia\/wp-content\/uploads\/2023\/05\/Parecer-CTC-Prestacao-de-Contas-2019.pdf\">Parecer n\u00ba 001\/2020 &#8211; Aprova\u00e7\u00e3o da Presta\u00e7\u00e3o de Contas de 2019<\/a><\/p>\n","protected":false},"excerpt":{"rendered":"<p>Parecer n\u00ba 001\/2025 &#8211; Aprova\u00e7\u00e3o da Presta\u00e7\u00e3o de Contas de 2024 Parecer n\u00ba 001\/2024 &#8211; Aprova\u00e7\u00e3o da Presta\u00e7\u00e3o de Contas de 2023 Parecer n\u00ba 001\/2023 &#8211; Aprova\u00e7\u00e3o da Presta\u00e7\u00e3o de Contas de 2022 Parecer n\u00ba 001\/2022 &#8211; Aprova\u00e7\u00e3o da Presta\u00e7\u00e3o de Contas de 2021 Parecer n\u00ba 001\/2021 &#8211; Aprova\u00e7\u00e3o da Presta\u00e7\u00e3o de Contas de 2020 &hellip; <a href=\"https:\/\/corecon-se.org.br\/transparencia\/parecer-controle-interno\/\" class=\"more-link\">Continue reading <span class=\"screen-reader-text\">Parecer do Controle Interno<\/span><\/a><\/p>\n","protected":false},"author":2,"featured_media":0,"parent":0,"menu_order":0,"comment_status":"closed","ping_status":"closed","template":"","meta":{"footnotes":""},"class_list":["post-2063","page","type-page","status-publish","hentry"],"_links":{"self":[{"href":"https:\/\/corecon-se.org.br\/transparencia\/wp-json\/wp\/v2\/pages\/2063","targetHints":{"allow":["GET"]}}],"collection":[{"href":"https:\/\/corecon-se.org.br\/transparencia\/wp-json\/wp\/v2\/pages"}],"about":[{"href":"https:\/\/corecon-se.org.br\/transparencia\/wp-json\/wp\/v2\/types\/page"}],"author":[{"embeddable":true,"href":"https:\/\/corecon-se.org.br\/transparencia\/wp-json\/wp\/v2\/users\/2"}],"replies":[{"embeddable":true,"href":"https:\/\/corecon-se.org.br\/transparencia\/wp-json\/wp\/v2\/comments?post=2063"}],"version-history":[{"count":14,"href":"https:\/\/corecon-se.org.br\/transparencia\/wp-json\/wp\/v2\/pages\/2063\/revisions"}],"predecessor-version":[{"id":3736,"href":"https:\/\/corecon-se.org.br\/transparencia\/wp-json\/wp\/v2\/pages\/2063\/revisions\/3736"}],"wp:attachment":[{"href":"https:\/\/corecon-se.org.br\/transparencia\/wp-json\/wp\/v2\/media?parent=2063"}],"curies":[{"name":"wp","href":"https:\/\/api.w.org\/{rel}","templated":true}]}}