{"id":628,"date":"2020-05-25T21:19:51","date_gmt":"2020-05-26T00:19:51","guid":{"rendered":"http:\/\/corecon-se.org.br\/transparencia\/?page_id=628"},"modified":"2021-03-28T17:29:49","modified_gmt":"2021-03-28T20:29:49","slug":"portarias-2020","status":"publish","type":"page","link":"https:\/\/corecon-se.org.br\/transparencia\/atos-normativos\/portarias-2020\/","title":{"rendered":"Portarias 2020"},"content":{"rendered":"&nbsp;\r\n<table style=\"width: 100%;\" border=\"0\" align=\"center\">\r\n<tbody>\r\n<tr style=\"height: 70px;\">\r\n<th style=\"background-color: #333399; color: #ffffff; height: 70px; text-align: center;\">\r\n<p align=\"center\"><strong>PORTARIAS<\/strong><\/p>\r\n<\/th>\r\n<\/tr>\r\n<tr style=\"height: 486px;\">\r\n<td style=\"height: 486px; background-color: #f5f5f5; vertical-align: text-top;\">\r\n<p align=\"center\"><span style=\"color: #008080;\"><strong>2020<\/strong><\/span><\/p>\r\n\r\n<table style=\"height: 626px;\">\r\n<tbody>\r\n<tr>\r\n<td style=\"width: 70px;\"><strong><span style=\"color: #666699;\">N\u00b0<\/span><\/strong><\/td>\r\n<td><span style=\"color: #666699;\"><strong>Descri\u00e7\u00e3o<\/strong><\/span><\/td>\r\n<\/tr>\r\n<tr>\r\n<td>001<\/td>\r\n<td><a href=\"http:\/\/corecon-se.org.br\/documentos\/atosnormativos\/portarias\/2019\/1.pdf\">Nomeia Gerente Executiva.<\/a><\/td>\r\n<\/tr>\r\n<tr>\r\n<td>002<\/td>\r\n<td><a href=\"http:\/\/corecon-se.org.br\/documentos\/atosnormativos\/portarias\/2019\/2.pdf\">Designa funcion\u00e1ria para responder pela Tesouraria em 2020<\/a><a href=\"http:\/\/corecon-se.org.br\/documentos\/atosnormativos\/portarias\/2019\/2.pdf\">.<\/a><\/td>\r\n<\/tr>\r\n<tr>\r\n<td>003<\/td>\r\n<td><a href=\"http:\/\/corecon-se.org.br\/documentos\/atosnormativos\/portarias\/2019\/3.pdf\">Disp\u00f5e sobre a Designa\u00e7\u00e3o da Comiss\u00e3o de Tomada de Contas.<\/a><\/td>\r\n<\/tr>\r\n<tr>\r\n<td>004<\/td>\r\n<td><a href=\"http:\/\/corecon-se.org.br\/transparencia\/wp-content\/uploads\/2020\/10\/Portaria-004-2020.pdf\">Nomeia Comiss\u00e3o de Licita\u00e7\u00e3o<\/a>.<\/td>\r\n<\/tr>\r\n<tr>\r\n<td>005<\/td>\r\n<td><a href=\"http:\/\/corecon-se.org.br\/documentos\/atosnormativos\/portarias\/2019\/5.pdf\">Nomeia Comiss\u00e3o de Pol\u00edtica Econ\u00f4mica.<\/a><\/td>\r\n<\/tr>\r\n<tr>\r\n<td>006<\/td>\r\n<td><a href=\"http:\/\/corecon-se.org.br\/transparencia\/wp-content\/uploads\/2020\/10\/Portaria-006-2020.pdf\">Nomeia Comiss\u00e3o de Avalia\u00e7\u00e3o do Plano de Cargos e Sal\u00e1rios &#8211; PCS.<\/a><\/td>\r\n<\/tr>\r\n<tr>\r\n<td>007<\/td>\r\n<td><a href=\"http:\/\/corecon-se.org.br\/documentos\/atosnormativos\/portarias\/2019\/7.pdf\">Nomeia Comiss\u00e3o de Fiscaliza\u00e7\u00e3o e Registro.<\/a><\/td>\r\n<\/tr>\r\n<tr>\r\n<td>008<\/td>\r\n<td><a href=\"http:\/\/corecon-se.org.br\/documentos\/atosnormativos\/portarias\/2019\/8.pdf\">Nomeia Comiss\u00e3o de Educa\u00e7\u00e3o.<\/a><\/td>\r\n<\/tr>\r\n<tr>\r\n<td>009<\/td>\r\n<td><a href=\"http:\/\/corecon-se.org.br\/documentos\/atosnormativos\/portarias\/2019\/8.pdf\">Nomeia Comiss\u00e3o da Mulher Economista.<\/a><\/td>\r\n<\/tr>\r\n<tr>\r\n<td>010<\/td>\r\n<td><a href=\"http:\/\/corecon-se.org.br\/documentos\/atosnormativos\/portarias\/2019\/9.pdf\">Autoriza o reajuste salarial para os servidores do CORECON-SE<\/a>.<\/td>\r\n<\/tr>\r\n<tr>\r\n<td>011<\/td>\r\n<td><a href=\"http:\/\/corecon-se.org.br\/documentos\/atosnormativos\/portarias\/2019\/14.pdf\">Altera o valor do Aux\u00edlio Alimenta\u00e7\u00e3o concedido mensalmente aos servidores do CORECON-SE.<\/a><\/td>\r\n<\/tr>\r\n<tr>\r\n<td>012<\/td>\r\n<td><a href=\"#\" target=\"_blank\" rel=\"noopener noreferrer\">Estabelece, de forma excepcional e provis\u00f3ria, o regime de trabalho remoto.<\/a><\/td>\r\n<\/tr>\r\n<tr>\r\n<td>013<\/td>\r\n<td><a href=\"#\" target=\"_blank\" rel=\"noopener noreferrer\">Prorroga o regime de trabalho remoto.<\/a><\/td>\r\n<\/tr>\r\n<tr>\r\n<td>014<\/td>\r\n<td><a href=\"http:\/\/corecon-se.org.br\/transparencia\/wp-content\/uploads\/2020\/10\/Portaria-014-2020.pdf\">Designa a Vice-Presidente para o exerc\u00edcio interino da Presid\u00eancia.<\/a><\/td>\r\n<\/tr>\r\n<tr>\r\n<td>015<\/td>\r\n<td><a href=\"http:\/\/corecon-se.org.br\/transparencia\/wp-content\/uploads\/2020\/10\/Portaria-015-2020-1.pdf\">Conceder, a pedido, licen\u00e7a <\/a><a href=\"http:\/\/corecon-se.org.br\/transparencia\/wp-content\/uploads\/2020\/10\/Portaria-015-2020-1.pdf\"> do cargo de Conselheiro Titular do CORECON-SE<\/a><a href=\"http:\/\/corecon-se.org.br\/transparencia\/wp-content\/uploads\/2020\/10\/Portaria-015-2020-1.pdf\"> ao Econ. Ariovaldo Menezes de Souza,.<\/a><\/td>\r\n<\/tr>\r\n<tr>\r\n<td>016<\/td>\r\n<td><a href=\"https:\/\/corecon-se.org.br\/transparencia\/wp-content\/uploads\/2021\/01\/Portaria-016-2020.pdf\">Altera a composi\u00e7\u00e3o da Comiss\u00e3o de Tomada de Contas.<\/a><\/td>\r\n<\/tr>\r\n<tr>\r\n<td>017<\/td>\r\n<td><a href=\"https:\/\/corecon-se.org.br\/transparencia\/wp-content\/uploads\/2021\/01\/Portaria-017-2020.pdf\">Altera a composi\u00e7\u00e3o da Comiss\u00e3o de Pol\u00edtica Econ\u00f4mica.<\/a><\/td>\r\n<\/tr>\r\n<tr>\r\n<td>018<\/td>\r\n<td><a href=\"https:\/\/corecon-se.org.br\/transparencia\/wp-content\/uploads\/2021\/01\/Portaria-018-2020.pdf\">Regulamenta a posse dos Conselheiros eleitos para o 3\u00ba Ter\u00e7o do Plen\u00e1rio e a elei\u00e7\u00e3o de Presidente e Vice-Presidente do CORECON-SE em 2021.<\/a><\/td>\r\n<\/tr>\r\n<\/tbody>\r\n<\/table>\r\n<\/td>\r\n<\/tr>\r\n<\/tbody>\r\n<\/table>\r\n<!-- \/wp:post-content -->","protected":false},"excerpt":{"rendered":"<p>&nbsp; PORTARIAS 2020 N\u00b0 Descri\u00e7\u00e3o 001 Nomeia Gerente Executiva. 002 Designa funcion\u00e1ria para responder pela Tesouraria em 2020. 003 Disp\u00f5e sobre a Designa\u00e7\u00e3o da Comiss\u00e3o de Tomada de Contas. 004 Nomeia Comiss\u00e3o de Licita\u00e7\u00e3o. 005 Nomeia Comiss\u00e3o de Pol\u00edtica Econ\u00f4mica. 006 Nomeia Comiss\u00e3o de Avalia\u00e7\u00e3o do Plano de Cargos e Sal\u00e1rios &#8211; PCS. 007 Nomeia &hellip; <a href=\"https:\/\/corecon-se.org.br\/transparencia\/atos-normativos\/portarias-2020\/\" class=\"more-link\">Continue reading <span class=\"screen-reader-text\">Portarias 2020<\/span><\/a><\/p>\n","protected":false},"author":2,"featured_media":0,"parent":34,"menu_order":0,"comment_status":"closed","ping_status":"closed","template":"","meta":{"footnotes":""},"class_list":["post-628","page","type-page","status-publish","hentry"],"_links":{"self":[{"href":"https:\/\/corecon-se.org.br\/transparencia\/wp-json\/wp\/v2\/pages\/628","targetHints":{"allow":["GET"]}}],"collection":[{"href":"https:\/\/corecon-se.org.br\/transparencia\/wp-json\/wp\/v2\/pages"}],"about":[{"href":"https:\/\/corecon-se.org.br\/transparencia\/wp-json\/wp\/v2\/types\/page"}],"author":[{"embeddable":true,"href":"https:\/\/corecon-se.org.br\/transparencia\/wp-json\/wp\/v2\/users\/2"}],"replies":[{"embeddable":true,"href":"https:\/\/corecon-se.org.br\/transparencia\/wp-json\/wp\/v2\/comments?post=628"}],"version-history":[{"count":11,"href":"https:\/\/corecon-se.org.br\/transparencia\/wp-json\/wp\/v2\/pages\/628\/revisions"}],"predecessor-version":[{"id":772,"href":"https:\/\/corecon-se.org.br\/transparencia\/wp-json\/wp\/v2\/pages\/628\/revisions\/772"}],"up":[{"embeddable":true,"href":"https:\/\/corecon-se.org.br\/transparencia\/wp-json\/wp\/v2\/pages\/34"}],"wp:attachment":[{"href":"https:\/\/corecon-se.org.br\/transparencia\/wp-json\/wp\/v2\/media?parent=628"}],"curies":[{"name":"wp","href":"https:\/\/api.w.org\/{rel}","templated":true}]}}