{"id":64,"date":"2018-02-01T21:21:45","date_gmt":"2018-02-01T23:21:45","guid":{"rendered":"https:\/\/corecon-se.org.br\/transparencia\/?page_id=64"},"modified":"2025-12-02T22:52:46","modified_gmt":"2025-12-03T01:52:46","slug":"folha-de-pagamento","status":"publish","type":"page","link":"https:\/\/corecon-se.org.br\/transparencia\/folha-de-pagamento\/","title":{"rendered":"Folhas de Pagamento"},"content":{"rendered":"<h3><strong>2025<\/strong><\/h3>\n<ul>\n<li><a href=\"https:\/\/corecon-se.org.br\/transparencia\/wp-content\/uploads\/2025\/02\/Folha-de-Pagamento-012025.pdf\">Janeiro<\/a><\/li>\n<\/ul>\n<p><\/p>\n<ul>\n<li><a href=\"https:\/\/corecon-se.org.br\/transparencia\/wp-content\/uploads\/documentos\/pessoal\/2025\/08.pdf\" target=\"_blank\" rel=\"noopener\">Rela\u00e7\u00e3o Despesa de Pessoal &#8211; Agosto<\/a><\/li>\n<\/ul>\n<h3><strong>2024<\/strong><\/h3>\n<ul>\n<li><a href=\"https:\/\/corecon-se.org.br\/transparencia\/wp-content\/uploads\/2024\/02\/Folha-de-Pagamento-012024.pdf\">Janeiro<\/a><\/li>\n<li><a href=\"https:\/\/corecon-se.org.br\/transparencia\/wp-content\/uploads\/2024\/03\/Folha-de-Pagamento-022024.pdf\">Fevereiro<\/a><\/li>\n<li><a href=\"https:\/\/corecon-se.org.br\/transparencia\/wp-content\/uploads\/2024\/03\/Ferias-Roberio-N.-Bernardo-0403-a-02042024.pdf\">Notifica\u00e7\u00e3o de F\u00e9rias &#8211; 04.03 a 02.04<\/a><\/li>\n<li><a href=\"https:\/\/corecon-se.org.br\/transparencia\/wp-content\/uploads\/2024\/04\/Folha-de-Pagamento-032024.pdf\">Mar\u00e7o<\/a><\/li>\n<li><a href=\"https:\/\/corecon-se.org.br\/transparencia\/wp-content\/uploads\/2024\/06\/Adiantamento-13o-Salario-Parc-1-Artemisa.pdf\">13\u00ba Sal\u00e1rio (1\u00aa Parcela)<\/a><\/li>\n<li><a href=\"https:\/\/corecon-se.org.br\/transparencia\/wp-content\/uploads\/2024\/05\/Folha-de-Pagamento-042024.pdf\">Abril<\/a><\/li>\n<li><a href=\"https:\/\/corecon-se.org.br\/transparencia\/wp-content\/uploads\/2024\/06\/Folha-de-Pagamento-052024.pdf\">Maio<\/a><\/li>\n<li><a href=\"https:\/\/corecon-se.org.br\/transparencia\/wp-content\/uploads\/2024\/08\/Adiantamento-13o-Salario-Roberio-Parc-1-062024.pdf\">13\u00ba Sal\u00e1rio (1\u00aa Parcela)<\/a><\/li>\n<li><a href=\"https:\/\/corecon-se.org.br\/transparencia\/wp-content\/uploads\/2024\/08\/Folha-de-Pagamento-062024.pdf\">Junho<\/a><\/li>\n<li><a href=\"https:\/\/corecon-se.org.br\/transparencia\/wp-content\/uploads\/2024\/08\/Ferias-Artemisa-R.-Batista-0907-a-07082024.pdf\">Notifica\u00e7\u00e3o de F\u00e9rias &#8211; 09.07 a 07.08.2024<\/a><\/li>\n<li><a href=\"https:\/\/corecon-se.org.br\/transparencia\/wp-content\/uploads\/2024\/08\/Folha-de-Pagamento-072024.pdf\">Julho<\/a><\/li>\n<li><a href=\"https:\/\/corecon-se.org.br\/transparencia\/wp-content\/uploads\/2024\/09\/Folha-de-Pagamento-082024.pdf\">Agosto<\/a><\/li>\n<li><a href=\"https:\/\/corecon-se.org.br\/transparencia\/wp-content\/uploads\/2024\/10\/Folha-de-Pagamento-092024.pdf\">Setembro<\/a><\/li>\n<li><a href=\"https:\/\/corecon-se.org.br\/transparencia\/wp-content\/uploads\/2024\/11\/Folha-de-Pagamento-102024.pdf\">Outubro<\/a><\/li>\n<li><a href=\"https:\/\/corecon-se.org.br\/transparencia\/wp-content\/uploads\/2025\/01\/Folha-de-Pagamento-112024.pdf\">Novembro<\/a><\/li>\n<li><a href=\"https:\/\/corecon-se.org.br\/transparencia\/wp-content\/uploads\/2025\/01\/Folha-2a-Parcela-13o-Salario-05122024.pdf\">13\u00ba Salario (2\u00aa Parcela)<\/a><\/li>\n<li><a href=\"https:\/\/corecon-se.org.br\/transparencia\/wp-content\/uploads\/2025\/01\/Folha-de-Pagamento-122024.pdf\">Dezembro<\/a><\/li>\n<\/ul>\n<h3><strong>2023<\/strong><\/h3>\n<ul>\n<li><a href=\"https:\/\/corecon-se.org.br\/transparencia\/wp-content\/uploads\/2023\/02\/Folha-de-Pagamento-012023.pdf\">Janeiro<\/a><\/li>\n<li><a href=\"https:\/\/corecon-se.org.br\/transparencia\/wp-content\/uploads\/2023\/03\/Folha-de-Pagamento-022023.pdf\">Fevereiro<\/a><\/li>\n<li><a href=\"https:\/\/corecon-se.org.br\/transparencia\/wp-content\/uploads\/2023\/03\/Notificacao-de-Ferias-01-a-30032023.pdf\">Notifica\u00e7\u00e3o de F\u00e9rias &#8211; 01 a 30.03<\/a><\/li>\n<li><a href=\"https:\/\/corecon-se.org.br\/transparencia\/wp-content\/uploads\/2023\/03\/Folha-de-Pagamento-032023.pdf\">Mar\u00e7o<\/a><\/li>\n<li><a href=\"https:\/\/corecon-se.org.br\/transparencia\/wp-content\/uploads\/2023\/05\/Notificacao-de-Ferias-0304-a-02052023.pdf\">Notifica\u00e7\u00e3o de F\u00e9rias &#8211; 03.04 a 02.05<\/a><\/li>\n<li><a href=\"https:\/\/corecon-se.org.br\/transparencia\/wp-content\/uploads\/2023\/05\/Folha-de-Pagamento-042023.pdf\">Abril<\/a><\/li>\n<li><a href=\"https:\/\/corecon-se.org.br\/transparencia\/wp-content\/uploads\/2023\/12\/Folha-13o-Salario-Parc-1-052023.pdf\">13\u00ba Sal\u00e1rio (1\u00aa Parcela)<\/a><\/li>\n<li><a href=\"https:\/\/corecon-se.org.br\/transparencia\/wp-content\/uploads\/2023\/06\/Folha-de-Pagamento-052023.pdf\">Maio<\/a><\/li>\n<li><a href=\"https:\/\/corecon-se.org.br\/transparencia\/wp-content\/uploads\/2023\/07\/Folha-de-Pagamento-062023.pdf\">Junho<\/a><\/li>\n<li><a href=\"https:\/\/corecon-se.org.br\/transparencia\/wp-content\/uploads\/2023\/09\/Folha-de-Pagamento-072023.pdf\">Julho<\/a><\/li>\n<li><a href=\"https:\/\/corecon-se.org.br\/transparencia\/wp-content\/uploads\/2023\/09\/Folha-de-Pagamento-082023.pdf\">Agosto<\/a><\/li>\n<li><a href=\"https:\/\/corecon-se.org.br\/transparencia\/wp-content\/uploads\/2023\/11\/Folha-de-Pagamento-092023.pdf\">Setembro<\/a><\/li>\n<li><a href=\"https:\/\/corecon-se.org.br\/transparencia\/wp-content\/uploads\/2023\/11\/Folha-de-Pagamento-102023.pdf\">Outubro<\/a><\/li>\n<li><a href=\"https:\/\/corecon-se.org.br\/transparencia\/wp-content\/uploads\/2023\/12\/Folha-de-Pagamento-13o-Salario-Parc-1-Artemisa-R.-Batista-20112023.pdf\">13\u00ba Sal\u00e1rio (1\u00aa Parcela)<\/a><\/li>\n<li><a href=\"https:\/\/corecon-se.org.br\/transparencia\/wp-content\/uploads\/2023\/12\/Folha-de-Pagamento-112023.pdf\">Novembro<\/a><\/li>\n<li><a href=\"https:\/\/corecon-se.org.br\/transparencia\/wp-content\/uploads\/2024\/01\/Folha-de-Pagamento-13-Salario-Parc-2-122023.pdf\">13\u00ba Sal\u00e1rio (2\u00aa Parcela)<\/a><\/li>\n<li><a href=\"https:\/\/corecon-se.org.br\/transparencia\/wp-content\/uploads\/2024\/01\/Folha-de-Pagamento-122023.pdf\">Dezembro<\/a><\/li>\n<\/ul>\n<h3><strong>2022<\/strong><\/h3>\n<ul>\n<li><a href=\"https:\/\/corecon-se.org.br\/transparencia\/wp-content\/uploads\/2022\/08\/Folha-de-Pagamento-012022.pdf\">Janeiro<\/a><\/li>\n<li><a href=\"https:\/\/corecon-se.org.br\/transparencia\/wp-content\/uploads\/2022\/08\/Folha-de-Pagamento-022022.pdf\">Fevereiro<\/a><\/li>\n<li><a href=\"https:\/\/corecon-se.org.br\/transparencia\/wp-content\/uploads\/2022\/08\/Ferias-Artemisa-1602-a-02032022.pdf\">Notifica\u00e7\u00e3o de F\u00e9rias &#8211; 16.02 a 02.03<\/a><\/li>\n<li><a href=\"https:\/\/corecon-se.org.br\/transparencia\/wp-content\/uploads\/2022\/08\/Folha-de-Pagamento-032022.pdf\">Mar\u00e7o<\/a><\/li>\n<li><a href=\"https:\/\/corecon-se.org.br\/transparencia\/wp-content\/uploads\/2022\/12\/Folha-de-Pagamento-13o-Salario-1a-Parcela.pdf\">13\u00ba Sal\u00e1rio (1\u00aa Parcela)<\/a><\/li>\n<li><a href=\"https:\/\/corecon-se.org.br\/transparencia\/wp-content\/uploads\/2022\/08\/Notificacao-Ferias-Roberio-03-a-17.03.2022.pdf\">Notifica\u00e7\u00e3o de F\u00e9rias &#8211; 03 a 17.03<\/a><\/li>\n<li><a href=\"https:\/\/corecon-se.org.br\/transparencia\/wp-content\/uploads\/2022\/08\/Folha-de-Pagamento-042022.pdf\">Abril<\/a><\/li>\n<li><a href=\"https:\/\/corecon-se.org.br\/transparencia\/wp-content\/uploads\/2022\/08\/Folha-de-Pagamento-052022.pdf\">Maio<\/a><\/li>\n<li><a href=\"https:\/\/corecon-se.org.br\/transparencia\/wp-content\/uploads\/2022\/08\/Folha-de-Pagamento-062022.pdf\">Junho<\/a><\/li>\n<li><a href=\"https:\/\/corecon-se.org.br\/transparencia\/wp-content\/uploads\/2022\/08\/Notificacao-Ferias-Artemisa-01-a-15.06.2022.pdf\">Notifica\u00e7\u00e3o F\u00e9rias &#8211; 01 a 15.06<\/a><\/li>\n<li><a href=\"https:\/\/corecon-se.org.br\/transparencia\/wp-content\/uploads\/2022\/08\/Folha-de-Pagamento-072022.pdf\">Julho<\/a><\/li>\n<li><a href=\"https:\/\/corecon-se.org.br\/transparencia\/wp-content\/uploads\/2022\/08\/Notificacao-Ferias-Roberio-04-a-18.07.2022.pdf\">Notifica\u00e7\u00e3o de F\u00e9rias &#8211; 04 a 18.07<\/a><\/li>\n<li><a href=\"https:\/\/corecon-se.org.br\/transparencia\/wp-content\/uploads\/2022\/09\/Folha-de-Pagamento-082022.pdf\">Agosto<\/a><\/li>\n<li><a href=\"https:\/\/corecon-se.org.br\/transparencia\/wp-content\/uploads\/2022\/09\/Folha-de-Pagamento-092022.pdf\">Setembro<\/a><\/li>\n<li><a href=\"https:\/\/corecon-se.org.br\/transparencia\/wp-content\/uploads\/2022\/11\/Folha-de-Pagamento-102022.pdf\">Outubro<\/a><\/li>\n<li><a href=\"https:\/\/corecon-se.org.br\/transparencia\/wp-content\/uploads\/2022\/12\/Folha-de-Pagamento-112022.pdf\">Novembro<\/a><\/li>\n<li><a href=\"https:\/\/corecon-se.org.br\/transparencia\/wp-content\/uploads\/2022\/12\/Folha-de-Pagamento-13o-Salario-2a-Parcela.pdf\">13\u00ba Sal\u00e1rio (2\u00aa Parcela)<\/a><\/li>\n<li><a href=\"https:\/\/corecon-se.org.br\/transparencia\/wp-content\/uploads\/2023\/01\/Folha-de-Pagamento-122022.pdf\">Dezembro<\/a><\/li>\n<\/ul>\n<h3><strong>2021<\/strong><\/h3>\n<ul>\n<li><a href=\"https:\/\/corecon-se.org.br\/transparencia\/wp-content\/uploads\/2022\/08\/Folha-de-Pagamento-012021.pdf\">Janeiro<\/a><\/li>\n<li><a href=\"https:\/\/corecon-se.org.br\/transparencia\/wp-content\/uploads\/2022\/08\/Folha-de-Pagamento-022021.pdf\">Fevereiro<\/a><\/li>\n<li><a href=\"https:\/\/corecon-se.org.br\/transparencia\/wp-content\/uploads\/2022\/08\/Ferias-Roberio-08-a-22022021.pdf\">Notifica\u00e7\u00e3o de F\u00e9rias &#8211; 08 a 22.02<\/a><\/li>\n<li><a href=\"https:\/\/corecon-se.org.br\/transparencia\/wp-content\/uploads\/2022\/08\/Folha-de-Pagamento-032021.pdf\">Mar\u00e7o<\/a><\/li>\n<li><a href=\"https:\/\/corecon-se.org.br\/transparencia\/wp-content\/uploads\/2022\/08\/Adiantamento-13o-Salario-Artemisa-1a-Parcela-2021.pdf\">13\u00ba Sal\u00e1rio (1\u00aa Parcela)<\/a><\/li>\n<li><a href=\"https:\/\/corecon-se.org.br\/transparencia\/wp-content\/uploads\/2022\/08\/Folha-de-Pagamento-042021.pdf\">Abril<\/a><\/li>\n<li><a href=\"https:\/\/corecon-se.org.br\/transparencia\/wp-content\/uploads\/2022\/08\/Adiantamento-13o-Salario-Roberio-1a-Parcela-2021.pdf\">13\u00ba Sal\u00e1rio (1\u00aa Parcela)<\/a><\/li>\n<li><a href=\"https:\/\/corecon-se.org.br\/transparencia\/wp-content\/uploads\/2022\/08\/Folha-de-Pagamento-052021.pdf\">Maio<\/a><\/li>\n<li><a href=\"https:\/\/corecon-se.org.br\/transparencia\/wp-content\/uploads\/2022\/08\/Folha-de-Pagamento-062021.pdf\">Junho<\/a><\/li>\n<li><a href=\"https:\/\/corecon-se.org.br\/transparencia\/wp-content\/uploads\/2022\/08\/Folha-de-Pagamento-072021.pdf\">Julho<\/a><\/li>\n<li><a href=\"https:\/\/corecon-se.org.br\/transparencia\/wp-content\/uploads\/2022\/08\/Ferias-Roberio-05.07-a-19.07.2021.pdf\">Notifica\u00e7\u00e3o de F\u00e9rias &#8211; 05 a 19.07<\/a><\/li>\n<li><a href=\"https:\/\/corecon-se.org.br\/transparencia\/wp-content\/uploads\/2022\/08\/Folha-de-Pagamento-082021.pdf\">Agosto<\/a><\/li>\n<li><a href=\"https:\/\/corecon-se.org.br\/transparencia\/wp-content\/uploads\/2022\/08\/Folha-de-Pagamento-092021.pdf\">Setembro<\/a><\/li>\n<li><a href=\"https:\/\/corecon-se.org.br\/transparencia\/wp-content\/uploads\/2022\/08\/Folha-de-Pagamento-102021.pdf\">Outubro<\/a><\/li>\n<li><a href=\"https:\/\/corecon-se.org.br\/transparencia\/wp-content\/uploads\/2022\/08\/Folha-de-Pagamento-112021.pdf\">Novembro<\/a><\/li>\n<li><a href=\"https:\/\/corecon-se.org.br\/transparencia\/wp-content\/uploads\/2022\/08\/Folha-de-Pagamento-122021.pdf\">Dezembro<\/a><\/li>\n<li><a href=\"https:\/\/corecon-se.org.br\/transparencia\/wp-content\/uploads\/2022\/08\/Folha-Pagamento-13o-Salario-2a-Parc-122021.pdf\">13\u00ba Sal\u00e1rio (2\u00aa Parcela)<\/a><\/li>\n<\/ul>\n<h3><strong>2020<\/strong><\/h3>\n<ul>\n<li><a href=\"https:\/\/corecon-se.org.br\/transparencia\/wp-content\/uploads\/2022\/09\/Folha-Pagamento-20012020.pdf\">Janeiro<\/a><\/li>\n<li><a href=\"https:\/\/corecon-se.org.br\/transparencia\/wp-content\/uploads\/2022\/09\/Folha-Pagamento-20022020.pdf\">Fevereiro<\/a><\/li>\n<li><a href=\"https:\/\/corecon-se.org.br\/transparencia\/wp-content\/uploads\/2022\/09\/Folha-Pagamento-20032020.pdf\">Mar\u00e7o<\/a><\/li>\n<li>13\u00ba Sal\u00e1rio (1\u00aa Parcela)<\/li>\n<li><a href=\"https:\/\/corecon-se.org.br\/transparencia\/wp-content\/uploads\/2022\/09\/Folha-Pagamento-20042020.pdf\">Abril<\/a><\/li>\n<li><a href=\"https:\/\/corecon-se.org.br\/transparencia\/wp-content\/uploads\/2022\/09\/Folha-Pagamento-20052020.pdf\">Maio<\/a><\/li>\n<li>Junho<\/li>\n<li><a href=\"https:\/\/corecon-se.org.br\/transparencia\/wp-content\/uploads\/2022\/09\/Folha-Pagamento-20072020.pdf\">Julho<\/a><\/li>\n<li>Notifica\u00e7\u00e3o de F\u00e9rias &#8211; 05 a 19.07<\/li>\n<li><a href=\"https:\/\/corecon-se.org.br\/transparencia\/wp-content\/uploads\/2022\/09\/Folha-Pagamento-20082020.pdf\">Agosto<\/a><\/li>\n<li><a href=\"https:\/\/corecon-se.org.br\/transparencia\/wp-content\/uploads\/2022\/09\/Folha-Pagamento-21092020.pdf\">Setembro<\/a><\/li>\n<li><a href=\"https:\/\/corecon-se.org.br\/transparencia\/wp-content\/uploads\/2022\/09\/Folha-de-Pagamento-21102020.pdf\">Outubro<\/a><\/li>\n<li><a href=\"https:\/\/corecon-se.org.br\/transparencia\/wp-content\/uploads\/2022\/09\/Folha-de-Pagamento-21102020-1.pdf\">Novembro<\/a><\/li>\n<li><a href=\"https:\/\/corecon-se.org.br\/transparencia\/wp-content\/uploads\/2022\/09\/Folha-de-Pagamento-122020.pdf\">Dezembro<\/a><\/li>\n<li>13\u00ba Sal\u00e1rio (2\u00aa Parcela)<\/li>\n<\/ul>\n","protected":false},"excerpt":{"rendered":"<p>2025 Janeiro Rela\u00e7\u00e3o Despesa de Pessoal &#8211; Agosto 2024 Janeiro Fevereiro Notifica\u00e7\u00e3o de F\u00e9rias &#8211; 04.03 a 02.04 Mar\u00e7o 13\u00ba Sal\u00e1rio (1\u00aa Parcela) Abril Maio 13\u00ba Sal\u00e1rio (1\u00aa Parcela) Junho Notifica\u00e7\u00e3o de F\u00e9rias &#8211; 09.07 a 07.08.2024 Julho Agosto Setembro Outubro Novembro 13\u00ba Salario (2\u00aa Parcela) Dezembro 2023 Janeiro Fevereiro Notifica\u00e7\u00e3o de F\u00e9rias &#8211; 01 &hellip; <a href=\"https:\/\/corecon-se.org.br\/transparencia\/folha-de-pagamento\/\" class=\"more-link\">Continue reading <span class=\"screen-reader-text\">Folhas de Pagamento<\/span><\/a><\/p>\n","protected":false},"author":2,"featured_media":0,"parent":0,"menu_order":0,"comment_status":"closed","ping_status":"closed","template":"","meta":{"footnotes":""},"class_list":["post-64","page","type-page","status-publish","hentry"],"_links":{"self":[{"href":"https:\/\/corecon-se.org.br\/transparencia\/wp-json\/wp\/v2\/pages\/64","targetHints":{"allow":["GET"]}}],"collection":[{"href":"https:\/\/corecon-se.org.br\/transparencia\/wp-json\/wp\/v2\/pages"}],"about":[{"href":"https:\/\/corecon-se.org.br\/transparencia\/wp-json\/wp\/v2\/types\/page"}],"author":[{"embeddable":true,"href":"https:\/\/corecon-se.org.br\/transparencia\/wp-json\/wp\/v2\/users\/2"}],"replies":[{"embeddable":true,"href":"https:\/\/corecon-se.org.br\/transparencia\/wp-json\/wp\/v2\/comments?post=64"}],"version-history":[{"count":89,"href":"https:\/\/corecon-se.org.br\/transparencia\/wp-json\/wp\/v2\/pages\/64\/revisions"}],"predecessor-version":[{"id":3804,"href":"https:\/\/corecon-se.org.br\/transparencia\/wp-json\/wp\/v2\/pages\/64\/revisions\/3804"}],"wp:attachment":[{"href":"https:\/\/corecon-se.org.br\/transparencia\/wp-json\/wp\/v2\/media?parent=64"}],"curies":[{"name":"wp","href":"https:\/\/api.w.org\/{rel}","templated":true}]}}