{"id":881,"date":"2021-01-14T13:54:22","date_gmt":"2021-01-14T16:54:22","guid":{"rendered":"https:\/\/corecon-se.org.br\/transparencia\/?page_id=881"},"modified":"2023-01-09T09:36:51","modified_gmt":"2023-01-09T12:36:51","slug":"resolucoes-2021","status":"publish","type":"page","link":"https:\/\/corecon-se.org.br\/transparencia\/atos-normativos\/resolucoes-2021\/","title":{"rendered":"Resolu\u00e7\u00f5es 2021"},"content":{"rendered":"<p>&nbsp;<\/p>\n<table style=\"width: 100%;\" border=\"0\" align=\"center\">\n<tbody>\n<tr style=\"height: 70px;\">\n<th style=\"background-color: #333399; color: #ffffff; height: 70px; text-align: center;\">\n<p align=\"center\"><strong>RESOLU\u00c7\u00d5ES<\/strong><\/p>\n<\/th>\n<\/tr>\n<tr style=\"height: 486px;\">\n<td style=\"height: 486px; background-color: #f5f5f5; vertical-align: text-top;\">\n<p align=\"center\"><span style=\"color: #008080;\"><strong>2021<\/strong><\/span><\/p>\n<table style=\"height: 626px;\">\n<tbody>\n<tr>\n<td style=\"width: 70px;\"><strong><span style=\"color: #666699;\">N\u00b0<\/span><\/strong><\/td>\n<td><span style=\"color: #666699;\"><strong>Descri\u00e7\u00e3o<\/strong><\/span><\/td>\n<\/tr>\n<tr>\n<td>001<\/td>\n<td><a href=\"https:\/\/corecon-se.org.br\/transparencia\/wp-content\/uploads\/2021\/01\/Resolucao-001-2021.pdf\">Renova\u00e7\u00e3o de Ter\u00e7o de Conselheiros e Composi\u00e7\u00e3o do Plen\u00e1rio do CORECON-SE.<\/a><\/td>\n<\/tr>\n<tr>\n<td>002<\/td>\n<td><a href=\"https:\/\/corecon-se.org.br\/transparencia\/wp-content\/uploads\/2021\/01\/Resolucao-002-2021.pdf\">Disp\u00f5e sobre a Administra\u00e7\u00e3o do CORECON-SE.<\/a><\/td>\n<\/tr>\n<tr>\n<td>003<\/td>\n<td><a href=\"https:\/\/corecon-se.org.br\/transparencia\/wp-content\/uploads\/2021\/06\/Resolucao-003-2021.pdf\">Disp\u00f5e sobre Cancelamento de Registro Definitivo de Pessoa F\u00edsica.<\/a><\/td>\n<\/tr>\n<tr>\n<td>004<\/td>\n<td><a href=\"https:\/\/corecon-se.org.br\/transparencia\/wp-content\/uploads\/2021\/03\/Resolucao-004-2021.pdf\">Aprova Presta\u00e7\u00e3o de Contas de 2020.<\/a><\/td>\n<\/tr>\n<tr>\n<td>005<\/td>\n<td><a href=\"https:\/\/corecon-se.org.br\/transparencia\/wp-content\/uploads\/2021\/03\/Resolucao-005-2021.pdf\">Disp\u00f5e sobre Cancelamento de Registro Definitivo de Pessoa F\u00edsica.<\/a><\/td>\n<\/tr>\n<tr>\n<td>006<\/td>\n<td><a href=\"https:\/\/corecon-se.org.br\/transparencia\/wp-content\/uploads\/2021\/03\/Resolucao-006-2021.pdf\">Disp\u00f5e sobre a prorroga\u00e7\u00e3o do prazo de ades\u00e3o ao VIII Programa Nacional de Recupera\u00e7\u00e3o de Cr\u00e9ditos (Recred) no CORECON-SE.<\/a><\/td>\n<\/tr>\n<tr>\n<td>007<\/td>\n<td><a href=\"https:\/\/corecon-se.org.br\/transparencia\/wp-content\/uploads\/2021\/06\/Resolucao-007-2021-Balancete-1o-Trimestre.pdf\">Aprova Balancete do 1\u00ba Trimestre de 2021.<\/a><\/td>\n<\/tr>\n<tr>\n<td>008<\/td>\n<td><a href=\"https:\/\/corecon-se.org.br\/transparencia\/wp-content\/uploads\/2021\/06\/Resolucao-008-2021.pdf\">Disp\u00f5e sobre Cancelamento de Registro Definitivo de Pessoa F\u00edsica.<\/a><\/td>\n<\/tr>\n<tr>\n<td>009<\/td>\n<td><a href=\"https:\/\/corecon-se.org.br\/transparencia\/wp-content\/uploads\/2021\/08\/Resolucao-009-2021.pdf\">Disp\u00f5e sobre Registro Definitivo de Pessoa F\u00edsica.<\/a><\/td>\n<\/tr>\n<tr>\n<td>010<\/td>\n<td><a href=\"https:\/\/corecon-se.org.br\/transparencia\/wp-content\/uploads\/2021\/08\/Resolucao-010-2021-II-Prorrogacao-VIII-Recred.pdf\">Prorroga o prazo para ades\u00e3o ao VIII Programa Nacional de Recupera\u00e7\u00e3o de Cr\u00e9ditos no Conselho Regional de Economia da 16\u00aa Regi\u00e3o &#8211; Sergipe e d\u00e1 outras provid\u00eancias.<\/a><\/td>\n<\/tr>\n<tr>\n<td>011<\/td>\n<td><a href=\"https:\/\/corecon-se.org.br\/transparencia\/wp-content\/uploads\/2021\/08\/Resolucao-011-2021-Balancete-2o-Trimestre.pdf\">Aprova Balancete do 2\u00ba Trimestre de 2021.<\/a><\/td>\n<\/tr>\n<tr>\n<td>012<\/td>\n<td><a href=\"https:\/\/corecon-se.org.br\/transparencia\/wp-content\/uploads\/2021\/08\/Resolucao-012-2021-Registro-PF.pdf\">Disp\u00f5e sobre Registro Definitivo de Pessoa F\u00edsica.<\/a><\/td>\n<\/tr>\n<tr>\n<td>013<\/td>\n<td><a href=\"https:\/\/corecon-se.org.br\/transparencia\/wp-content\/uploads\/2021\/08\/Resolucao-013-2021-Forma-de-eleicao.pdf\">Disp\u00f5e sobre a forma de realiza\u00e7\u00e3o das elei\u00e7\u00f5es, em 2021, do Conselho Regional de Economia da 16\u00aa Regi\u00e3o &#8211; SE.<\/a><\/td>\n<\/tr>\n<tr>\n<td>014<\/td>\n<td><a href=\"https:\/\/corecon-se.org.br\/transparencia\/wp-content\/uploads\/2021\/08\/Resolucao-014-2021-Comissao-Eleitoral.pdf\">Nomeia Comiss\u00e3o Eleitoral para renova\u00e7\u00e3o de ter\u00e7o de Conselheiros Efetivos e Suplentes deste CORECON, e de Delegado Eleitor Efetivo e Suplente junto ao Conselho Federal de Economia.<\/a><\/td>\n<\/tr>\n<tr>\n<td>015<\/td>\n<td><a href=\"https:\/\/corecon-se.org.br\/transparencia\/wp-content\/uploads\/2021\/11\/Resolucao-015-2021.pdf\">Confere Medalha do M\u00e9rito Econ\u00f4mico \u00e0 personalidade indicada, Econ. Aldo Alves Vasconcelos.<\/a><\/td>\n<\/tr>\n<tr>\n<td>016<\/td>\n<td><a href=\"https:\/\/corecon-se.org.br\/transparencia\/wp-content\/uploads\/2021\/11\/Resolucao-016-2021.pdf\">Confere Medalha do M\u00e9rito Econ\u00f4mico \u00e0 personalidade indicada, Econ. Jos\u00e9lia Souza de Brito.<\/a><\/td>\n<\/tr>\n<tr>\n<td>017<\/td>\n<td><a href=\"https:\/\/corecon-se.org.br\/transparencia\/wp-content\/uploads\/2021\/11\/Resolucao-017-2021.pdf\">Confere Medalha do M\u00e9rito Econ\u00f4mico \u00e0 personalidade indicada, Econ. Jos\u00e9 Soares de Arag\u00e3o Brito.<\/a><\/td>\n<\/tr>\n<tr>\n<td>018<\/td>\n<td><a href=\"https:\/\/corecon-se.org.br\/transparencia\/wp-content\/uploads\/2021\/11\/Resolucao-018-2021-Alteracao-Comissao-Eleitoral.pdf\">Altera a composi\u00e7\u00e3o da Comiss\u00e3o Eleitoral para renova\u00e7\u00e3o de ter\u00e7o de Conselheiros Efetivos e Suplentes deste CORECON, e de Delegado Eleitor Efetivo e Suplente junto ao Conselho Federal de Economia.<\/a><\/td>\n<\/tr>\n<tr>\n<td>019<\/td>\n<td><a href=\"https:\/\/corecon-se.org.br\/transparencia\/wp-content\/uploads\/2021\/11\/Resolucao-019-2021-Registro-PF.pdf\">Disp\u00f5e sobre Registro Definitivo de Pessoa F\u00edsica.<\/a><\/td>\n<\/tr>\n<tr>\n<td>020<\/td>\n<td><a href=\"https:\/\/corecon-se.org.br\/transparencia\/wp-content\/uploads\/2021\/11\/Resolucao-020-2021-Ativo-com-desconto.pdf\">Disp\u00f5e sobre Tratamento Especial em Fun\u00e7\u00e3o da Idade de Pessoa F\u00edsica.<\/a><\/td>\n<\/tr>\n<tr>\n<td>021<\/td>\n<td><a href=\"https:\/\/corecon-se.org.br\/transparencia\/wp-content\/uploads\/2021\/11\/Resolucao-021-2021-Cancelamento-PF.pdf\">Disp\u00f5e sobre Cancelamento de Registro Definitivo de Pessoa F\u00edsica.<\/a><\/td>\n<\/tr>\n<tr>\n<td>022<\/td>\n<td><a href=\"https:\/\/corecon-se.org.br\/transparencia\/wp-content\/uploads\/2021\/11\/Resolucao-022-2021-Registro-PJ.pdf\">Disp\u00f5e sobre Registro Definitivo de Pessoa Jur\u00eddica..<\/a><\/td>\n<\/tr>\n<tr>\n<td>023<\/td>\n<td><a href=\"https:\/\/corecon-se.org.br\/transparencia\/wp-content\/uploads\/2021\/11\/Resolucao-023-2021-Balancete-3o-Trimestre.pdf\">Aprova Balancete do 3\u00ba Trimestre de 2021.<\/a><\/td>\n<\/tr>\n<tr>\n<td>024<\/td>\n<td><a href=\"https:\/\/corecon-se.org.br\/transparencia\/wp-content\/uploads\/2021\/11\/Resolucao-024-2021-Ativo-com-desconto.pdf\">Disp\u00f5e sobre Tratamento Especial em Fun\u00e7\u00e3o da Idade de Pessoa F\u00edsica.<\/a><\/td>\n<\/tr>\n<tr>\n<td>025<\/td>\n<td><a href=\"https:\/\/corecon-se.org.br\/transparencia\/wp-content\/uploads\/2021\/11\/Resolucao-025-2021-Anuidades-2022.pdf\">Fixa os valores e formas de pagamento das anuidades, bem como dos emolumentos e multas devidos pelas pessoas f\u00edsicas e jur\u00eddicas inscritas no CORECON-SE, para o exerc\u00edcio de 2022, e d\u00e1 outras provid\u00eancias.<\/a><\/td>\n<\/tr>\n<tr>\n<td>026<\/td>\n<td><a href=\"https:\/\/corecon-se.org.br\/transparencia\/wp-content\/uploads\/2021\/11\/Resolucao-026-2021-Reativacao-Registro-PF.pdf\">Disp\u00f5e sobre a Reativa\u00e7\u00e3o do Registro Definitivo de Pessoa F\u00edsica.<\/a><\/td>\n<\/tr>\n<tr>\n<td>027<\/td>\n<td><a href=\"https:\/\/corecon-se.org.br\/transparencia\/wp-content\/uploads\/2021\/11\/Resolucao-027-2021-Dossie-Eleitoral-2021.pdf\">Aprova o Dossi\u00ea Eleitoral de 2021 relativo ao pleito realizado de 27 a 29 de outubro de 2021, do CORECON-SE.<\/a><\/td>\n<\/tr>\n<tr>\n<td>028<\/td>\n<td><a href=\"https:\/\/corecon-se.org.br\/transparencia\/wp-content\/uploads\/2022\/02\/Resolucao-028-2021-Altera-Regimento-Interno-Alterada.pdf\">Altera Regimento Interno do Corecon-SE.<\/a><\/td>\n<\/tr>\n<tr>\n<td>029<\/td>\n<td><a href=\"https:\/\/corecon-se.org.br\/transparencia\/wp-content\/uploads\/2021\/11\/Resolucao-029-2021-Proposta-Orcamentaria-2022.pdf\">Aprova a Proposta Or\u00e7ament\u00e1ria do Conselho Regional de Economia da 16\u00aa Regi\u00e3o \u2013 Sergipe, para o exerc\u00edcio de 2022.<\/a><\/td>\n<\/tr>\n<tr>\n<td>030<\/td>\n<td><a href=\"https:\/\/corecon-se.org.br\/transparencia\/wp-content\/uploads\/2022\/02\/Resolucao-030-2021-Cancelamento-PF.pdf\">Disp\u00f5e sobre Cancelamento de Registro Definitivo de Pessoa F\u00edsica.<\/a><\/td>\n<\/tr>\n<tr>\n<td>031<\/td>\n<td><a href=\"https:\/\/corecon-se.org.br\/transparencia\/wp-content\/uploads\/2022\/02\/Resolucao-031-2021-Ativo-com-desconto.pdf\">Disp\u00f5e sobre Tratamento Especial em Fun\u00e7\u00e3o da Idade de Pessoa F\u00edsica.<\/a><\/td>\n<\/tr>\n<tr>\n<td>032<\/td>\n<td><a href=\"https:\/\/corecon-se.org.br\/transparencia\/wp-content\/uploads\/2022\/02\/Resolucao-032-2021-Cancelamento-Falecimento-PF.pdf\">Disp\u00f5e sobre Cancelamento de Registro Definitivo de Pessoa F\u00edsica.<\/a><\/td>\n<\/tr>\n<tr>\n<td>033<\/td>\n<td><a href=\"https:\/\/corecon-se.org.br\/transparencia\/wp-content\/uploads\/2022\/02\/Resolucao-033-2021-Cancelamento-Falecimento-PF.pdf\">Disp\u00f5e sobre Cancelamento de Registro Definitivo de Pessoa F\u00edsica.<\/a><\/td>\n<\/tr>\n<\/tbody>\n<\/table>\n<\/td>\n<\/tr>\n<\/tbody>\n<\/table>\n","protected":false},"excerpt":{"rendered":"<p>&nbsp; RESOLU\u00c7\u00d5ES 2021 N\u00b0 Descri\u00e7\u00e3o 001 Renova\u00e7\u00e3o de Ter\u00e7o de Conselheiros e Composi\u00e7\u00e3o do Plen\u00e1rio do CORECON-SE. 002 Disp\u00f5e sobre a Administra\u00e7\u00e3o do CORECON-SE. 003 Disp\u00f5e sobre Cancelamento de Registro Definitivo de Pessoa F\u00edsica. 004 Aprova Presta\u00e7\u00e3o de Contas de 2020. 005 Disp\u00f5e sobre Cancelamento de Registro Definitivo de Pessoa F\u00edsica. 006 Disp\u00f5e sobre a &hellip; <a href=\"https:\/\/corecon-se.org.br\/transparencia\/atos-normativos\/resolucoes-2021\/\" class=\"more-link\">Continue reading <span class=\"screen-reader-text\">Resolu\u00e7\u00f5es 2021<\/span><\/a><\/p>\n","protected":false},"author":2,"featured_media":0,"parent":34,"menu_order":0,"comment_status":"closed","ping_status":"closed","template":"","meta":{"footnotes":""},"class_list":["post-881","page","type-page","status-publish","hentry"],"_links":{"self":[{"href":"https:\/\/corecon-se.org.br\/transparencia\/wp-json\/wp\/v2\/pages\/881","targetHints":{"allow":["GET"]}}],"collection":[{"href":"https:\/\/corecon-se.org.br\/transparencia\/wp-json\/wp\/v2\/pages"}],"about":[{"href":"https:\/\/corecon-se.org.br\/transparencia\/wp-json\/wp\/v2\/types\/page"}],"author":[{"embeddable":true,"href":"https:\/\/corecon-se.org.br\/transparencia\/wp-json\/wp\/v2\/users\/2"}],"replies":[{"embeddable":true,"href":"https:\/\/corecon-se.org.br\/transparencia\/wp-json\/wp\/v2\/comments?post=881"}],"version-history":[{"count":29,"href":"https:\/\/corecon-se.org.br\/transparencia\/wp-json\/wp\/v2\/pages\/881\/revisions"}],"predecessor-version":[{"id":1962,"href":"https:\/\/corecon-se.org.br\/transparencia\/wp-json\/wp\/v2\/pages\/881\/revisions\/1962"}],"up":[{"embeddable":true,"href":"https:\/\/corecon-se.org.br\/transparencia\/wp-json\/wp\/v2\/pages\/34"}],"wp:attachment":[{"href":"https:\/\/corecon-se.org.br\/transparencia\/wp-json\/wp\/v2\/media?parent=881"}],"curies":[{"name":"wp","href":"https:\/\/api.w.org\/{rel}","templated":true}]}}